 is divided by l(t)?
4
Let i = 8 + -6. Suppose -2 = 4*o - 10. Suppose 5*v - 18 = -o*x, -3*v = x - 0*x - 10. What is the remainder when v is divided by i?
0
Let t be (-846)/(-21) - (-4)/(-14). Suppose -5*k + 3*o = 5*o - t, -3*k = o - 24. Suppose b + 0 - 14 = 0. What is the remainder when b is divided by k?
6
Calculate the remainder when 63 is divided by 8/40 - (-158)/10.
15
Let n(t) = -t**3 + 5*t**2 - t - 6. Let s = 1 - 3. Calculate the remainder when 13 + (1 + 0)*s is divided by n(4).
5
Calculate the remainder when -3*(-5)/(-15)*-17 is divided by 4.
1
Suppose -3*f - x + 7 = 0, 5*f - 9 - 5 = -4*x. Suppose -f*u = 3*u - n - 15, -4*u = -3*n - 1. What is the remainder when 5 is divided by u?
1
Suppose -4*q = -3*i - 53, 5*i - 16 = -q + 3. Calculate the remainder when 25 is divided by q.
11
Suppose -i - y = -6*y + 13, -i + 4*y - 8 = 0. What is the remainder when 21 is divided by i?
9
Let c(r) = -4*r - 9. Suppose 4*i - 7 = 21. Calculate the remainder when c(-7) is divided by i.
5
Suppose 5*c - 4 = 96. Suppose -a - 6*u + c = -4*u, -u + 24 = a. Suppose -3*n + 137 = 4*f, 2*f - 5*n - 77 = -a. What is the remainder when f is divided by 17?
15
Suppose u + u = 10. Let z = 20 - u. Calculate the remainder when z is divided by 8.
7
Suppose -2*c = 2*c - 128. Calculate the remainder when c is divided by (-4)/(-10) - (7 - 880/50).
10
Let n(b) = b**2 + 6*b + 9. Calculate the remainder when -4 - -20*(5 - 4) is divided by n(-6).
7
Let n = -14 - -40. Calculate the remainder when 74 is divided by n.
22
Let i(h) = h**3 + 8*h**2 - 3*h - 10. What is the remainder when 25 is divided by i(-8)?
11
Let g = 46 + -27. Let o = 11 - -27. Suppose -4*z = -2 - o. What is the remainder when g is divided by z?
9
Suppose 0 = 4*v - 25 + 9. What is the remainder when 15 is divided by v?
3
Let t be (6/(-15))/((-2)/10). Suppose -t*p + 45 = 3*v, 5*p - v + 21 = 6*p. Calculate the remainder when p is divided by 10.
8
Suppose -s + 5*t = -22, t + 13 = 4*s - 4*t. Let y = 57 + s. What is the remainder when y is divided by 19?
16
Let u(j) = -j**3 - 3*j**2 - 3*j - 1. Let z be u(-2). Let v(i) = 4*i**2 - i + 1. What is the remainder when 5 is divided by v(z)?
1
Calculate the remainder when (-2*14)/(-5 - -3) is divided by 8.
6
Calculate the remainder when 26 is divided by ((-1185)/21)/(-5) - (-4)/(-14).
4
Let s = -12 - -22. Let h(v) = -v + 15. Let f be h(8). Let i(z) = 5*z - 6. Calculate the remainder when i(f) is divided by s.
9
Suppose 0 = 4*h + 6 - 38. Calculate the remainder when 13 is divided by h.
5
Let j(b) = 2*b**3 - 4*b**2 + 3*b - 2. Calculate the remainder when 7 is divided by j(2).
3
Let i = 9 + 1. Calculate the remainder when 88 is divided by i.
8
Let i = 129 - 74. Let q be (4/4)/(1/2). What is the remainder when i is divided by q - (1 + 0 - 18)?
17
Let w = -36 - -10. Let v(k) = 2*k**2 - 8*k - 19. Let j be v(8). Let r = j + w. What is the remainder when r is divided by 11?
8
Let s = 96 - 27. Calculate the remainder when s is divided by 12.
9
Suppose 23 = 2*u - 1. Suppose -6 = -2*t + u. Calculate the remainder when 24 is divided by t.
6
Suppose -2*c - 4*z + 17 = -3*z, -3*c - 2*z = -26. What is the remainder when 31 is divided by c?
7
Suppose -2*n + j = -29, -9 + 21 = n - 3*j. Calculate the remainder when 43 is divided by n.
13
Suppose -3*l - 12 = -2*l + 2*t, -l = t + 8. Let f = 13 + l. Let v = -5 + 22. Calculate the remainder when v is divided by f.
8
Let l(r) = -6*r - 1. What is the remainder when 30 is divided by l(-2)?
8
Let s(q) = -q + 1. Let x be s(-8). Suppose -x*n + 4*n = -60. What is the remainder when n is divided by 5?
2
Let z(j) = -j**3 - j. Let m be z(-1). Suppose 52 = m*d + 14. Calculate the remainder when d is divided by 10.
9
Let c = -8 - -5. Let z(w) = -3*w - 4. Let q be z(c). Suppose -q*u - 3*n = -148, -4*u + 4*n + 80 = -2*u. Calculate the remainder when u is divided by 11.
10
Suppose -3*g = -5*t + 60 + 27, 5*t - 91 = -g. Calculate the remainder when 86 is divided by t.
14
Suppose 5 = 5*x, 5*x = -f - f + 107. Let y = 29 - 16. What is the remainder when f is divided by y?
12
Let p = 11 - -6. Calculate the remainder when p is divided by 9.
8
Suppose 2*z = -0*z + 10. Let i(j) = 3*j. Calculate the remainder when i(z) is divided by 8.
7
Suppose 5*f = -4*u - 83, -2*u - 2*f - 3*f = 39. Let o = -6 - u. What is the remainder when 31 is divided by o?
15
Suppose 2*t - 5*t = -3*v + 51, 65 = 3*v + 4*t. What is the remainder when 73 is divided by v?
16
Suppose 71 = 3*i - 76. Calculate the remainder when i is divided by 14.
7
Suppose -2*a + 89 = -2*b + b, 176 = 4*a - 4*b. Calculate the remainder when a is divided by 24.
21
Let f(j) = 9*j**2 - 1. Let p(i) = 13*i**2 - 2. Let z(q) = 8*f(q) - 5*p(q). Let g be z(2). Suppose -g = -3*r - 0. What is the remainder when r is divided by 4?
2
Suppose 5*k - l - 69 = 194, 0 = -4*k - l + 214. What is the remainder when k is divided by 18?
17
Suppose -3*m = 4*a - 90, 21*m = 24*m + 6. Let h = -1 - 0. Let l(v) = -13*v. What is the remainder when a is divided by l(h)?
11
Let k(z) be the first derivative of z**3/3 + 4*z**2 - 14*z + 1. Calculate the remainder when 15 is divided by k(-10).
3
Let t = 8 - -8. Suppose t = 4*n - 0*n. What is the remainder when 15 is divided by n?
3
Let t(m) = m**2 + 2*m. Suppose -38 = -5*g - 13. Calculate the remainder when t(2) is divided by g.
3
Let h be (2 + -7)*1/1. Let v = h - -16. What is the remainder when 42 is divided by v?
9
Let q = -1 + 1. Let y(p) = p**3 + 22. Suppose -5*w = 25, m + 2 + 0 = -2*w. What is the remainder when y(q) is divided by m?
6
Let k = 12 - 6. Let t(i) = -2 + 2*i + 7 - 2. What is the remainder when t(7) is divided by k?
5
Let a(s) = -2*s + 61. Calculate the remainder when a(-11) is divided by 17.
15
Suppose x = 4*y - 13, 0 = x + 2*x - 2*y - 11. Let b(t) = t**3 - 7*t**2 + 3*t. What is the remainder when 83 is divided by b(x)?
20
What is the remainder when 54 is divided by (-50)/(-4) - (-12)/8?
12
Let u(i) = i**3 + i**2 + 0*i**3 + 4*i - 7*i. What is the remainder when u(3) is divided by 15?
12
Suppose 4*n = -2*g - 38, -5*n = -2*g + g + 16. Let h(y) = -y + 1. Suppose -2*m = 0, -t - 2*m = -0*t - 29. What is the remainder when t is divided by h(g)?
9
Let w(h) = h**3 - 3*h**2 + 3*h - 4. Let p(g) = -g + 13. Let c be p(10). Calculate the remainder when 13 is divided by w(c).
3
Suppose 0 = 4*x - 2*m - 2 - 4, -2*x = -2*m - 6. Suppose -5*j + 182 - 12 = x. What is the remainder when j is divided by 12?
10
Let v(d) = -d**3 - 9*d**2 - 3. Let u be v(-9). Let j = 7 - u. Calculate the remainder when j is divided by 4.
2
Suppose -5*z + 2*s + 39 = -35, -5*s = 5*z - 60. Calculate the remainder when 26 is divided by z.
12
Suppose x - 41 = -3*a + a, 35 = 2*a - x. Suppose -2*n + 22 - 8 = 0. What is the remainder when a is divided by n?
5
Suppose -j + 159 = 2*d, 2*d + 3*j + 2*j = 163. Suppose -2*y - 1 = -d. What is the remainder when y is divided by 20?
19
Let f(a) = a**2 - 8*a - 4. Let z be f(9). Suppose -3*q = 5*c + 55, -q + z*c - 45 = q. Let d = 72 + q. Calculate the remainder when d is divided by 18.
16
Let m = -88 - -133. What is the remainder when m is divided by 12?
9
Suppose -3*c = 24 - 102. Calculate the remainder when c is divided by 42/4*8/6.
12
Let p = -3 - -1. Let n = 50 - 39. What is the remainder when n is divided by (-5 - -1)*-1 - p?
5
Suppose 7*v - 11 = 6*v. Calculate the remainder when 52 is divided by v.
8
Let a(t) = 6*t + 6. Let n(v) = 11*v - 12. Let y be n(8). Suppose -y = 4*b - 8*b. Calculate the remainder when a(5) is divided by b.
17
Let j(s) = -s**3 + 6*s**2 - 2*s. Let d be j(6). Let b = -6 - d. What is the remainder when b/(1 - 14/20) is divided by 11?
9
What is the remainder when 1 + (-42)/(2 + -4) is divided by 5?
2
Let o(y) = -20*y**3 + y**2 - 2*y - 2. Calculate the remainder when 58 is divided by o(-1).
16
Let l(i) = -2*i**3 - 4*i**2 - 2*i + 4. What is the remainder when l(-3) is divided by 10?
8
Let d(k) = -9*k - 5. Let n be d(-4). Let v = -20 + n. Suppose 5*y - 27 = 3. What is the remainder when v is divided by y?
5
Let s be (8 - 0)*2/4. Suppose -c - s = -2*c. Let d = c + 0. What is the remainder when d is divided by 3?
1
Suppose 10 = 3*p - 26. Let z = 11 + -6. Calculate the remainder when z is divided by (3/(-4))/(p/(-32)).
1
Let l = -35 + 20. Let s be ((-16)/10)/(6/l). Calculate the re